+ 5, 2*b - 5*c = -23. Let s(v) = -v**3 - 10*v**2 - 11*v + 2. What is the remainder when (1 + -2)/((-3)/111) is divided by s(b)?
17
Suppose -31 - 17 = -4*w. Suppose 2*s + 1073 - 3 = 0. Calculate the remainder when 4/(-6) + s/(-15) is divided by w.
11
Suppose -28 = -0*p - 2*p. Let q(a) = a**2 + 36*a + 81. Calculate the remainder when q(-35) is divided by p.
4
Suppose 0 = 2*v - t - 9, 4 + 17 = 5*v - t. Suppose -v*g = o + 3*o - 148, 8 = 4*o. What is the remainder when 67 is divided by g?
32
Calculate the remainder when 541 is divided by (-3 + (-71)/12)*-12.
6
Let c be 1 + ((-1)/(-3) - (-1022)/21). What is the remainder when c + (-17 - -1)/4 is divided by 7?
4
Let o(u) = -118*u - 350. Calculate the remainder when o(-5) is divided by 54.
24
Let h(z) = -18*z - 27*z + 18 + 57*z. Calculate the remainder when h(7) is divided by 13.
11
Let p be ((-162)/21)/(2/(-28)*3). Suppose 4*n + n + p = m, -3*m = 5*n - 8. Calculate the remainder when 27 is divided by m.
5
Suppose -7*y - 6 - 15 = 0. What is the remainder when -5 + (1 - y) + 34 is divided by 9?
6
Suppose -5*x = 4*y - 55, -3*x + 6*x = 3*y - 48. Let l(r) = r**2 + 4*r. Let i be l(-6). What is the remainder when y is divided by 2 - i/(-8)*(-14)/(-3)?
6
Suppose 583*k - 580*k = 9. What is the remainder when 100 is divided by k?
1
Let k = -116 + 126. What is the remainder when 15 is divided by k?
5
Let o = 586 - 408. What is the remainder when o is divided by 26?
22
Let u(d) = d**2 + 17*d - 4. Let o(s) = -s**3 + 15*s**2 + 14*s + 14. Let a be o(16). Calculate the remainder when u(a) is divided by 9.
5
Let t = 104 - 62. Let l(b) = -65*b - 1. Let p be l(-2). What is the remainder when t is divided by 2/8 - p/(-12)?
9
Suppose f - 5*o = 37, -4*f + 5*o + 42 = -46. Suppose f = a - 1. Calculate the remainder when a is divided by 3.
0
Let w be (-71)/4 - 4/16. Let x = -5 - w. Let v(g) = 49*g**2 - g + 1. What is the remainder when v(1) is divided by x?
10
Let z = 18 - 15. Suppose 146 = z*k - 25. Suppose f + 5*a = 2 + 18, 0 = -5*f - 4*a + 100. Calculate the remainder when k is divided by f.
17
Let n = -70 - -80. Suppose 0 = -n*r + 5*r + 105. What is the remainder when r is divided by 6*((-2)/(-6) + 1)?
5
Let b(p) = 6*p**2 + p - 54. Calculate the remainder when b(8) is divided by 34.
32
Let j = 299 + -279. What is the remainder when 44 is divided by j?
4
Let j be -1*((-93)/(-6) - -3)*-4. Suppose -f - f + j = 0. What is the remainder when 145 is divided by f?
34
Suppose -3*g + 6 = -0, 12 = 3*j - 3*g. What is the remainder when 219/4 + j/(-8) is divided by 28?
26
Suppose -x + 4 = -0*x. Suppose -4 = 2*y, y = -x*p - 2*y + 2. Suppose 3*f + 6 = 0, 3 = -s - 4*f - p. Calculate the remainder when 3 is divided by s.
0
Suppose -10*f - 2363 = -3743. What is the remainder when f is divided by 28?
26
Let q(k) = 0*k - 10*k - 2 - 27 + k**2. What is the remainder when 37 is divided by q(13)?
7
Let h(b) = 3 + b**2 + 8 + 0*b**2 - 9*b. Let q be h(9). Calculate the remainder when 17 is divided by 9/5*(16 - q).
8
Let x be (7/2)/((-3)/(-18)). Suppose 3*q = -i + 7 + 12, -2*q + x = i. Suppose -u = 4*u + 5*o - 235, -o + 94 = 2*u. What is the remainder when u is divided by i?
22
Let d(p) = -18*p**3 - 2*p**2 - 5*p - 5. Calculate the remainder when 38 is divided by d(-1).
6
Let n(t) = -57*t + 1172. Calculate the remainder when n(18) is divided by 34.
10
Let t(o) = o**2 - 16*o + 27. Let g be t(14). Calculate the remainder when 18 is divided by (-4 - 4 - (1 + 0))*g.
0
Let u(w) be the first derivative of -2*w + 41*w**2 - w - 50*w**2 + 9. What is the remainder when 57 is divided by u(-1)?
12
Let y(s) = -2*s + 14. Let l be y(-7). Let a = -14 + l. Calculate the remainder when 26 is divided by a.
12
Suppose 3*s = -9 - 78. Let k = s + 54. Calculate the remainder when 49 is divided by k.
24
Suppose 12*k = 3*k - 54. What is the remainder when (k/12)/(5/(-370)) is divided by 10?
7
Let z be (-24)/(-10) - (-12)/(-30). Calculate the remainder when 3/(z + 5/(-3)) is divided by 2/(-3)*-6 + -2.
1
Suppose -n - 5*b + 5 = 0, 70 = 4*n + b + 12. Let y = 150 - 92. What is the remainder when y is divided by n?
13
Let l(n) = n**3 + 6*n**2 - 19*n - 19. Suppose 4*r + 2*c - 5 = r, -2*r + 20 = -2*c. What is the remainder when l(-8) is divided by r?
0
Suppose 288 = -9*d + 12*d. Let o = d + -80. Calculate the remainder when 77 is divided by o.
13
Let w(o) = -182*o**3 - 7*o**2 - 4*o + 1. Calculate the remainder when w(-1) is divided by 56.
12
Suppose 1204 - 2315 = -11*l. Calculate the remainder when 498 is divided by l.
94
Suppose -16 = -16*t + 12*t. What is the remainder when 5 is divided by t?
1
Let f(a) = -22*a - 153. What is the remainder when f(-11) is divided by 45?
44
Suppose 0 = -g - 4*g + 180. Let s(n) = -n**2 - 19*n + 88. What is the remainder when s(-18) is divided by g?
34
Let s(r) = 61*r + 1. Suppose -5*j - 3*b = -0*j - 2, -2*b = -j + 3. What is the remainder when s(j) is divided by 32?
30
Let d = -87 - -149. Suppose 0*w - d = -w - 2*n, 2*w - 124 = 2*n. Calculate the remainder when w is divided by 21.
20
Let n = -39 + 56. Let w = 9536 - 9403. What is the remainder when w is divided by n?
14
Let t(k) = k**3 + 12*k**2 + 33*k - 2. Calculate the remainder when t(-6) is divided by 9.
7
Suppose -k - 2 = -95. Let x = k + -68. Calculate the remainder when 37 is divided by x.
12
Let x = 1842 - 1830. What is the remainder when 2121 is divided by x?
9
Let z(c) = 7*c**2 + 2*c - 3. What is the remainder when z(-2) is divided by 4?
1
Let j = -160 - -183. Let h(w) = w**3 - 4*w**2 - 2*w - 7. What is the remainder when j is divided by h(5)?
7
Let k = 918 - 876. What is the remainder when k is divided by 7?
0
Suppose 27*a = a + 52. What is the remainder when a is divided by 1?
0
Suppose 2*d = -5*y + 36, 3*d + 4*y + y - 59 = 0. Suppose -11 - 24 = -7*c. What is the remainder when d is divided by -8*(-3 + c/(-2) - -4)?
11
Let u(h) = -3*h + 84. What is the remainder when 266 is divided by u(23)?
11
Let z = 9 - 2. Let m = z + 24. Calculate the remainder when 122 is divided by m.
29
Calculate the remainder when (-35 + 97)*(-1 + 26/4) is divided by 49.
47
Suppose -29 - 143 = -4*g. What is the remainder when g is divided by (0 - -1) + (26 - 4)?
20
Let i be 15/18*-8*-30. Calculate the remainder when 68 is divided by i/14 - (-6)/(-21).
12
Suppose 3*b - 7 = o, 0*o - 3*o + 3*b = -3. Let q = 36 + -32. Suppose -2*c - q = -10. What is the remainder when o is divided by c?
2
Let l = -752 + 1063. What is the remainder when l is divided by 39?
38
Let h be 4 - 64/4 - (-1 + 0). Let s = h - -36. What is the remainder when s is divided by 4?
1
Let q be (-13 + -1)/(6/(-9)). Suppose n - 4*n + q = 4*h, -h = -5*n + 58. Suppose -w + n - 6 = 0. Calculate the remainder when 9 is divided by w.
4
Let n = 221 + -206. Calculate the remainder when 29 is divided by n.
14
Let c = -195 + 263. Suppose 0 = -2*z - z + 54. What is the remainder when c is divided by z?
14
Suppose -4*p + 2*s + 116 = 0, 3*p + 2*p - 155 = 5*s. Calculate the remainder when 91 is divided by p.
10
Suppose 12*s + 3224 = 25*s. Calculate the remainder when s is divided by 18.
14
Suppose -j = -2*i - 38, 0 = -i + 2*i + 4. Calculate the remainder when 207 is divided by j.
27
Let k(x) = -15*x - 19. Calculate the remainder when 243 is divided by k(-4).
38
Let x(y) = y**3 + 1. Let g be x(-1). Suppose 4*a - 145 = 183. Suppose 0 = 3*k + 5*z - g*z - a, -2*z = -k + 31. What is the remainder when k is divided by 10?
9
Suppose -38 = 3*x - 5*p, 0*x + x = -p - 2. What is the remainder when 41/4 + (-2)/8 is divided by (2/x)/(21/(-378))?
4
Let a = 8 - 8. Let m = -25 + a. Let w = m - -45. Calculate the remainder when 78 is divided by w.
18
Let n be -2 + 94 + -10 + 7. Let z = -45 + n. What is the remainder when 83 is divided by z?
39
Let k(l) = l**2 + 41*l - 253. What is the remainder when k(9) is divided by 9?
8
Suppose 1709 = 39*k - 4687. Calculate the remainder when k is divided by 42.
38
Let m(y) = 2*y**2 + y + 59. Calculate the remainder when m(0) is divided by -2 + (-9)/(-5) + (-76)/(-5).
14
Let z = 14 + -23. Let t(p) = -p - 3. Suppose -10 = 3*b - 4*b. What is the remainder when b is divided by t(z)?
4
Suppose l + 5*p - 45 = 2, -5*l = -5*p - 145. Suppose 4 = f, 3*i + f = -f + 26. Calculate the remainder when l is divided by i.
2
Let g(z) = 3*z + 2. Let n be g(